 prime factors of 4/((1/(-10))/(-1)).
2, 5
Let p be 614/12 + (-3)/18. Suppose 6*a - a = -3*b + p, b = a + 9. What are the prime factors of (1 - 3/6)*b?
2, 3
Let h be 4*(-3 + 8 + -1). Suppose 0 = -5*x - 2*f + h, 3*x + f - 3*f = 16. List the prime factors of x.
2
Let q = -1 - 2. Let t = -1 - q. List the prime factors of t.
2
Suppose -5*k = 2*t - 730, -6*k + 718 = 2*t - 4*k. What are the prime factors of t?
5, 71
Let r = -126 + 180. What are the prime factors of r?
2, 3
Suppose -2*h = -x - 0*x - 44, 3*h + 4*x - 77 = 0. Suppose 2*d + h = 89. List the prime factors of d.
3, 11
Let a be (-3)/9 + (-10)/(-3). Suppose 0 = -a*h - 5*t - 9 - 2, -3*h = -3*t - 21. List the prime factors of h.
3
Suppose -5*a - 4*q + 1019 = -375, 1144 = 4*a - 4*q. List the prime factors of a.
2, 3, 47
Let a(t) = -12*t. Let m be a(-1). What are the prime factors of (-32)/m*(-6)/4?
2
Let d be ((-4)/(-2))/(4/(-10)). Let r be (1 - (-3)/d)*5. Suppose r*l + 21 = 2*a + 3*l, -2*l + 10 = 0. List the prime factors of a.
2
Let k(i) = i**2 + 4*i - 7. Suppose -2*r + 3*r + 4*y = -3, 2*r = y + 12. Let q be k(r). Suppose 9*l + q = 2*o + 4*l, l - 14 = -2*o. List the prime factors of o.
3
Let p = -48 + 20. Let w = -5 - p. What are the prime factors of w?
23
Let b = -2 - -4. Suppose -k + 5*y + 34 = b*k, -3*y - 60 = -4*k. Suppose t - k = -t. What are the prime factors of t?
3
List the prime factors of (-5)/(-1)*185/25.
37
What are the prime factors of (0 - -1)*(1 - -61)?
2, 31
Let n(u) = -u**3 + 11*u**2 + 18. What are the prime factors of n(8)?
2, 3, 5, 7
Let d = 1 + 3. List the prime factors of d.
2
Let p = 29 + -18. What are the prime factors of p?
11
Let c(h) be the first derivative of -7/2*h**2 - 2*h**3 + 3*h + 1/4*h**4 - 1. List the prime factors of c(7).
3
Let l(m) = -5*m - 1. What are the prime factors of l(-14)?
3, 23
Let v be ((-6)/8)/((-2)/(-24)). What are the prime factors of 2/v + 272/9?
2, 3, 5
Let c(j) = -j**3 - 13*j**2 + 13*j - 6. Let g be c(-14). Let f = 11 - g. What are the prime factors of f?
3
Let g = -45 - -78. What are the prime factors of g?
3, 11
Suppose 7*a - 1902 = -621. List the prime factors of a.
3, 61
Let x(p) = p - 2. Suppose 0 = 3*c - 5 - 55. Suppose -3*k + c = 2*k. List the prime factors of x(k).
2
Suppose -i + 2*h = -6 - 0, 3*h - 31 = -i. What are the prime factors of i?
2
Let w = -18 - -31. Let h = w + -18. Let g = -1 - h. What are the prime factors of g?
2
Suppose -3*a + 1 = -0*a - 2*q, 2*a = q + 2. Suppose -13 = -p + 3*z, -3*p + a = 3*z - 0. List the prime factors of p.
2
Suppose 0 = 2*d + 2*d + 16. Let m(i) = -3*i. List the prime factors of m(d).
2, 3
Let a(t) = -3*t + 38. List the prime factors of a(-7).
59
Suppose 5*r = 2*y - 93, 5*y = 2*r - 4*r + 160. Suppose 7 - y = -3*h. What are the prime factors of h?
3
Suppose 2*w - w + 2*r = 1, -w + 3*r = -6. Suppose -g = -w*l - 25 - 2, 3*g = 3*l + 33. What are the prime factors of (1 - -1)/2 - l?
3
Let o(m) = -m + 9. Let n be o(5). Suppose -n*b = 4*r - 8, 4*r + 4 = 2*b + 5*r. What are the prime factors of (-1)/(((-2)/5)/b)?
5
Let x(b) = -10*b + 8. Let f(l) = -l - 1. Let s(d) = -12*f(d) + x(d). List the prime factors of s(0).
2, 5
Let o(c) = 2 - c - 2 + 6. What are the prime factors of o(-5)?
11
Let w(l) = -38*l + 4. List the prime factors of w(-3).
2, 59
Let i(q) = q**3 - 4*q**2 + 2*q - 3. Let o be i(4). Suppose -3*a = -3*u - 45, u + 40 = a + o*u. What are the prime factors of a?
2, 5
What are the prime factors of 24/84 - (-54)/7?
2
Let k(y) = 3*y. Let g = -1 + 3. Suppose j + b + 1 = 3*j, g*j = -3*b + 13. What are the prime factors of k(j)?
2, 3
Suppose 0 = j + 5*w + 2, 1 + 3 = -2*j - w. Let t be ((-8)/12)/(1/15). What are the prime factors of (-125)/t + j/4?
2, 3
Let s(b) = b + 26 + 10 + b**3 - 8 - b**2. Let w be s(0). Suppose 3*i = 4*h - w, -3*h - 5*i = 2*h. List the prime factors of h.
2
Let b be 6/(-9) - 22/(-6). Suppose -h = -b - 33. List the prime factors of h.
2, 3
Suppose 4*j + 457 = 149. Let v = j + 116. Let c = -24 + v. What are the prime factors of c?
3, 5
Suppose -4*l + 7 = 3. Suppose 4*i = -l + 5. What are the prime factors of i + 0 - 12/(-4)?
2
Let x = 0 - 4. Let m = x - -10. List the prime factors of (-1)/2*-1*m.
3
Let a(n) = n**3 + 4*n**2 - 5*n. Let q be a(-5). Let o(u) be the third derivative of -u**5/60 + u**4/24 + 3*u**3/2 + u**2. What are the prime factors of o(q)?
3
Suppose -2*a - 4*i = -12, -i + 3*i = 4. Suppose -a*b - 10 = -44. List the prime factors of b.
17
Suppose 39 - 204 = -5*a. List the prime factors of a.
3, 11
Let q(g) = g**3 + 24*g**2 + 62*g + 5. What are the prime factors of q(-6)?
281
Let i(r) = -r**2 - 13*r + 13. What are the prime factors of i(-12)?
5
Let w = -21 + 146. List the prime factors of w.
5
Suppose 6*a + 35 = a. Let w = 11 - a. Suppose -3*h + 3*o + w = -0*o, -2*h = 2*o - 8. List the prime factors of h.
5
Let m(u) = -3*u + u**3 + 10*u**2 + u + 4 + 2. What are the prime factors of m(-10)?
2, 13
Suppose 3*j = -12, 4*j = -3*f - 2*f + 14. Suppose 3*v = f*v + 27. Let z(n) = -2*n - 13. List the prime factors of z(v).
5
Let x(r) = -r**2 - 8*r - 3. Let z(l) = -l**3 - 8*l**2 + 9*l - 7. Let n be z(-9). What are the prime factors of x(n)?
2
Let n = -11 + 13. Suppose 0 = -n*v + 3*a + 50, -3*a = v + a - 3. List the prime factors of v.
19
Suppose 3*d = -0*d + 321. Suppose -d = -4*g + 13. What are the prime factors of g?
2, 3, 5
List the prime factors of (-6)/27 + (-56)/(-9).
2, 3
Let d = 89 + -53. What are the prime factors of d?
2, 3
Let c = 39 + -3. Suppose c = 4*u + 12. What are the prime factors of 1/(1/u)*2?
2, 3
Suppose 9*j - 6*j = 6. Let m be ((-3)/(-2))/(4/8). Suppose j*a - 6*a = 2*d - 36, 3*a - 24 = -m*d. What are the prime factors of a?
2, 5
Let q(k) = k - 7. Let a be q(9). Let p be -2 + (7 - (a + 0)). Let v = p - -7. What are the prime factors of v?
2, 5
Let n(y) = -y + 19. Let q be n(6). Suppose -4 + 8 = 2*v. Suppose -v*t + q = -t. What are the prime factors of t?
13
Suppose 0 = -4*m + 25 + 3. What are the prime factors of m?
7
Let y = 8 - -8. Let v = -14 + y. What are the prime factors of v?
2
Let x = -23 - -39. Let b be ((-20)/x)/((-1)/(-4)). Let m(n) = n**3 + 4*n**2 - 8*n - 6. List the prime factors of m(b).
3
Suppose 0 = -5*o - 4*t + 184, -41 = -o - 10*t + 5*t. List the prime factors of o.
2, 3
Let v(t) = t**2 - 7*t + 9. Let l be v(6). Let r be 1/(-2)*l*-2. Suppose 4*a + 8 = -r*f, 0 = f + a - 5*a - 24. List the prime factors of f.
2
Let b be 5/(-25) - (-776)/5. Suppose -2*w = -7*w + b. Suppose -2*q + 27 = -h, 4*q - 2*q - w = -3*h. List the prime factors of q.
2, 7
Let x = -10 - -20. Suppose -r = r - x. List the prime factors of (-2 - 0)*r/(-2).
5
Let l be (-112)/(-6)*(-36)/(-8). Suppose 2*k + l = 5*s, 0*s = -s + 3*k + 9. What are the prime factors of (s/4)/((-2)/(-4))?
3
Let i(s) = s**3 + 10*s**2 - 11*s + 10. Let x be i(-11). What are the prime factors of 2/x - 219/(-5)?
2, 11
Let s(p) = 7*p + 6. Let h(a) = a + 1. Let w(i) = 10*h(i) - 2*s(i). What are the prime factors of w(-4)?
2, 7
Let j(k) = 2*k - 1. Let v be j(-3). Let b(u) = -u**3 - 6*u**2 + 6*u - 3. List the prime factors of b(v).
2
Suppose 3*s + 41 = 5. Let r = 23 + s. What are the prime factors of r?
11
Let t = -6 + 3. Let k = 0 - t. Suppose k*s + m - 16 = 0, 8 = 2*s + m + m. List the prime factors of s.
2, 3
Let j(h) = 4*h**2 + 4*h + 2*h + 31*h**3 - 5*h**2 - 5*h. Let c be j(1). Suppose t = 2*q - 20, 3*q - 3*t = -t + c. List the prime factors of q.
3
Let m = 185 + 29. What are the prime factors of m?
2, 107
Suppose 0 = h - 3*k + 2, -5*h - 3*k = -8*k - 40. List the prime factors of h.
13
Let d(a) = 6*a**3 - 3*a**3 + a + 3*a + 0*a**3 + 9*a**2 - 7. Let b(s) = -7*s**3 - 19*s**2 - 7*s + 14. Let p(q) = 4*b(q) + 9*d(q). List the prime factors of p(6).
5
Let y(x) = -3*x - 12. List the prime factors of y(-5).
3
Suppose -4 = -5*h + 3*h - r, 4*r + 6 = 3*h. Suppose 7*a - 2*a - 15 = 0. Suppose 3*w + 38 = h*x + w, 0 = -x + a*w + 29. List the prime factors of x.
2, 7
Suppose -2*a = 4*z - 128, -z - 3*a = z - 56. Suppose 3*j + 11 = 3*f - z, -2*f - j + 45 = 0. List the prime factors of f.
2, 5
Let z(a) = a**3 - 2*a**2 - 5*a - 3. Suppose -6 = 5*w - 1. Let f be 0/(-2) + 5 + w. What are the prime factors of z(f)?
3
Suppose 15 = 4*k - 21. Suppose u - 5*d = 21 + 5, -d = -4*u + 9. Let p = u + k. What are the prime factors of p?
2,